 37*k - 203. What is the remainder when j(0) is divided by v(-7)?
3
Suppose -16*q + 4 = -236. What is the remainder when 24 is divided by q?
9
Suppose -23*b + 128 + 56 = 0. What is the remainder when 139 is divided by b?
3
Let d(z) = -4*z - 19. Let w be d(-9). Suppose -w + 2 = -3*j. Suppose -j*v + v = -52. Calculate the remainder when 50 is divided by v.
11
Suppose -31*m - m = -576. What is the remainder when 61 is divided by m?
7
Let y(u) = -4*u**3 - u**2 + u. Let g be y(1). Suppose -420*v = -425*v + 110. Calculate the remainder when 514/8 + 1/g is divided by v.
20
What is the remainder when 40/100*(-255)/(-6) is divided by 14?
3
Let b = -3 + 3. Suppose 3*u - 2*u - 43 = b. What is the remainder when u is divided by (0 - -1*10)/(44/66)?
13
Let b be (-48)/(-9)*51/4. Suppose 5*n - 2*n = -2*t + b, 144 = 4*t + 4*n. Suppose -a - 44 = -5*a. Calculate the remainder when t is divided by a.
7
Let r = -1300 + 1445. Calculate the remainder when r is divided by 81.
64
Suppose -345 + 54 = -3*p. Let t = -9 + p. Calculate the remainder when t is divided by 45.
43
Let b(o) = o**2 + 3*o - 5. Let s(h) = -2*h + 2. Let a be s(4). Let p = -78 + 82. Calculate the remainder when b(a) is divided by p.
1
Suppose 3*d + 3*q - 39 = 0, -2*d + 2 + 9 = 5*q. What is the remainder when 69 is divided by d?
15
Let a(s) = s**3 + 16*s**2 - s - 15. Let r be a(-16). What is the remainder when 10 - 1/(r/2) is divided by 6?
2
Suppose -a + 249 = u - 193, 3*u - 1308 = 3*a. What is the remainder when u is divided by 63?
61
Suppose d = -3, 5*d - 9*d = -4*x + 160. What is the remainder when 73 is divided by x?
36
Let r(i) = 14*i**2 - 6*i + 6. Calculate the remainder when 23 is divided by r(1).
9
Let p(h) = h**2 + 4*h + 3. Suppose 11*k = 6*k - 20. Calculate the remainder when -42*k/24*4 is divided by p(-5).
4
Let g(y) = 31*y + 357. What is the remainder when 391 is divided by g(-11)?
7
Let p(b) = 8*b**2 - 7*b + 15. Calculate the remainder when p(-8) is divided by 65.
63
Suppose 0 = 8*q + q - 72. What is the remainder when 65 is divided by q?
1
Let r(v) be the first derivative of -v**3/3 - 9*v**2/2 - 8*v + 1. Let b be r(-6). Let j = b + 4. What is the remainder when 53 is divided by j?
11
Let z be (17 - (-3 - -1))*4. Suppose -y + z = -5*y. Let q = 51 + y. Calculate the remainder when q is divided by 11.
10
Let v be (-34)/(-85) + (-196)/(-10). Let k be 3/((-12)/v)*1. Let g(q) = q**3 + 5*q**2 + 7. What is the remainder when 26 is divided by g(k)?
5
Let q = 1015 + -370. Calculate the remainder when q is divided by 59.
55
Suppose 79 = 10*c - 2131. Calculate the remainder when c is divided by 87.
47
Suppose 4*a = -16, -3*d - 6*a = -a - 37. Suppose 3*u - 6 = 4*z + 11, 4*u + 19 = -3*z. Let f(g) = -8*g + 29. What is the remainder when f(z) is divided by d?
12
Suppose 2*z - 2*l - 108 = 0, l - 10 = -z + 34. What is the remainder when z is divided by 24?
1
Suppose w = -0*w - 31. Let z = -17 - w. Suppose 2*d + 5*m - 88 = 2*m, 2*d + 4*m - 92 = 0. Calculate the remainder when d is divided by z.
10
Let y(s) = 441*s. Let q(i) = -11*i. Let a(x) = 162*q(x) + 4*y(x). Calculate the remainder when 32 is divided by a(-1).
14
Let i(g) = -3*g**2 + 25 + g - 16 + g**3 + 3*g**2 - 3*g**2. Let t(m) = m**2 - 3*m + 4. What is the remainder when i(3) is divided by t(4)?
4
Let s = -15 + 5. Suppose q = -y + 38, 3*q - 109 = -4*y + 2*y. Let b = s + q. Calculate the remainder when b is divided by 12.
11
Suppose -6*j = -4*j + f - 108, 164 = 3*j + 2*f. What is the remainder when j is divided by 20?
12
Suppose -92 - 19 = -3*l + 3*b, -l + 35 = b. Suppose 0 = 4*q - 4*f - f - 37, -40 = -4*q + 4*f. Calculate the remainder when l is divided by q.
10
Let y be 11/22*(107 - -1). Suppose 0*r - 4*r + 47 = -3*b, y = 5*r + b. Suppose 5*k = 4*n + 15, n = -k + 6*n - 18. What is the remainder when r is divided by k?
4
What is the remainder when -17 + 13 - (-153 + 2) is divided by 50?
47
Let q(v) = -4*v**2 - 6*v + 6. Let u(i) = -2*i**2 - 3*i + 3. Let f(s) = -6*q(s) + 11*u(s). Let x = 9 + -6. What is the remainder when f(x) is divided by 14?
10
Let r be -1 + -3 - -2 - -14. Suppose 20 = 4*z - r. What is the remainder when 2 - (-60)/((-6)/(-2)) is divided by z?
6
Suppose -4*f = 2*p - 247 - 207, -5*p + 15 = 0. What is the remainder when f is divided by 30?
22
Suppose 5*g - 8 - 17 = 0. Suppose d = g + 1. What is the remainder when 3*4/30 + (-798)/(-30) is divided by d?
3
Calculate the remainder when (-2)/(-1) + 166/2 is divided by 25.
10
Let l(k) = 4*k - 3. Let i be 2/(-5) + 42/30 + 1. What is the remainder when (0 + 1)*38/i is divided by l(2)?
4
Suppose 2*w - w - 57 = -f, -f = -3*w + 187. Calculate the remainder when -5*(-2 - w/5) is divided by 24.
23
Let z = -688 - -1461. Calculate the remainder when z is divided by 9.
8
Suppose -3*c + 261 = 3*v - 246, -5*c + 847 = 4*v. Let u = c - 94. Calculate the remainder when u is divided by 20.
17
Let h = -301 - -390. What is the remainder when 438 is divided by h?
82
Suppose 0 = 4*a - 3*r - 46, -4*a + 8*a = 4*r + 48. Let t = 6 + -12. What is the remainder when (4/t)/(2/(-87)) is divided by a?
9
Suppose -f + 22 + 13 = 4*o, 3*f = -o + 6. Let t = -9 - o. Calculate the remainder when 18/(-81) + (-976)/t is divided by 11.
10
Let v be (-3)/(-15) - (-502)/(-10). Let q = 128 + v. What is the remainder when q is divided by 27?
24
Let g(p) = -3*p + 10. Let c be g(3). Let t(k) = 64*k**3 + 3*k**2 - 2. What is the remainder when t(c) is divided by 22?
21
Suppose 12 = -x + 4*x. Suppose -w - 4*j = -0*w - 35, 3*w - 121 = x*j. Let i = 3 - -4. Calculate the remainder when w is divided by i.
4
Let b = 1617 + -1511. Calculate the remainder when b is divided by 16.
10
Let k(p) = p**2 - p. Let q be k(-3). Let n be 267/4 + 3/q. Suppose 2*b + 5*o - 65 + 14 = 0, -4*b = 3*o - n. What is the remainder when 25 is divided by b?
12
Let k(m) = -2*m**3 - 3*m**2. Let q = 13 + -15. Let o be k(q). Suppose o*y = 2*y + 104. What is the remainder when y is divided by 18?
16
Let a be (-6)/(3 + -4) + -2. Let x = 19 - a. Suppose o - 6 + 0 = 0. Calculate the remainder when x is divided by o.
3
Let n(b) = -b**3 - 11*b**2 - b + 4. Let q(h) = 13*h - 32. What is the remainder when n(-11) is divided by q(3)?
1
Let k = -9 - -14. Let b(w) = w**2 - 3*w + 1. Let h be b(k). Suppose 3*x - h - 7 = -3*o, 4*o + 6 = x. What is the remainder when 8 is divided by x?
2
Suppose 3*t = -4*w + 40, -3*w - 5 = -t + 17. Calculate the remainder when 63 is divided by t.
15
Let k(o) = 3*o**2 + 3*o + 8. Let d = -84 + 153. What is the remainder when d is divided by k(-2)?
13
Suppose 2*m + 13 = x, -2*x - 4*m + 8 = -42. Let w(j) = 7*j + j + 6*j - 13*j + x. Calculate the remainder when w(-6) is divided by 7.
6
Calculate the remainder when (-7)/(2978/298 - 10) is divided by 18.
17
Let n = -3 + 6. Let s(y) = 2*y**3 - 4*y**2 + 3*y. Let h be s(2). Suppose 0 = -2*j - 4*j + h. What is the remainder when n is divided by j?
0
Let y = 92 - -15. What is the remainder when y is divided by 12?
11
Suppose 159 + 147 = 6*q. Calculate the remainder when 764 is divided by q.
50
Let s be (100/(-3))/(((-64)/(-24))/(-8)). Let a = -60 + s. Calculate the remainder when 238 is divided by a.
38
Calculate the remainder when (14746/(-365))/(4/(-30)) is divided by 147.
9
Suppose 17*d - 144 = 77. Calculate the remainder when 47 is divided by d.
8
Suppose 432 = -21*p + 27*p. Calculate the remainder when p is divided by 21.
9
Let h(w) = w**3 - 7*w**2 + 9*w - 4. Let m be (3*3/(-6))/(3/(-12)). Let s = 0 - -5. What is the remainder when h(m) is divided by s?
4
Suppose 6*h - 5*h + 319 = 0. Let y = 493 + h. What is the remainder when ((-4)/6)/((-4)/y) is divided by 10?
9
Suppose -24 = -f - f. Calculate the remainder when 104 is divided by f.
8
Suppose 193 - 42 = v. Calculate the remainder when v is divided by 11.
8
Let b(f) = 11*f - 35 - 5*f - 4*f + 3*f. What is the remainder when 9 is divided by b(8)?
4
Let k(c) = 4*c**2 - c - 1. Let o = 2095 - 2091. What is the remainder when o is divided by k(-1)?
0
Let x = -35 - -73. Suppose -2*u - 4 = -x. Calculate the remainder when 65 is divided by u.
14
Calculate the remainder when 25958/38 - (-36)/(-342) is divided by 76.
75
Suppose -8*z + 16*z = 2224. Calculate the remainder when z is divided by 5.
3
Let g = -387 + 549. Calculate the remainder when g is divided by 41.